 411 (base 5) to base 8.
152
0 (base 8) to base 13
0
What is 1010100 (base 2) in base 12?
70
Convert -154 (base 9) to base 13.
-a0
Convert -258 (base 12) to base 3.
-111012
-9 (base 11) to base 10
-9
What is -1 (base 4) in base 15?
-1
Convert -30 (base 7) to base 3.
-210
What is -31 (base 16) in base 14?
-37
What is -10 (base 12) in base 3?
-110
Convert -20 (base 8) to base 4.
-100
Convert 0 (base 9) to base 11.
0
What is 22011 (base 3) in base 10?
220
10 (base 3) to base 15
3
What is -5 (base 14) in base 5?
-10
Convert -8a (base 16) to base 3.
-12010
Convert 100010100 (base 2) to base 3.
101020
What is -7 (base 16) in base 5?
-12
What is -16 (base 11) in base 5?
-32
-63 (base 15) to base 3
-10110
What is -5c (base 14) in base 5?
-312
3 (base 16) to base 10
3
What is -9 (base 14) in base 9?
-10
0 (base 2) to base 3
0
What is 5b (base 15) in base 9?
105
Convert 6 (base 14) to base 2.
110
What is -11 (base 3) in base 6?
-4
What is -101001 (base 2) in base 10?
-41
6 (base 7) to base 2
110
Convert -85 (base 16) to base 4.
-2011
What is -7 (base 10) in base 2?
-111
Convert -7a (base 11) to base 5.
-322
What is 10 (base 3) in base 10?
3
-8 (base 15) to base 11
-8
11 (base 2) to base 4
3
Convert 0 (base 11) to base 3.
0
What is -10000 (base 2) in base 4?
-100
Convert 0 (base 16) to base 3.
0
What is -9 (base 12) in base 5?
-14
Convert -3 (base 9) to base 3.
-10
-22101 (base 3) to base 14
-122
Convert -1 (base 13) to base 8.
-1
What is -104 (base 5) in base 14?
-21
-3 (base 11) to base 16
-3
What is -4 (base 10) in base 6?
-4
What is 8 (base 12) in base 4?
20
What is 7 (base 10) in base 9?
7
Convert -12 (base 10) to base 16.
-c
What is -4 (base 6) in base 9?
-4
Convert -1204 (base 6) to base 10.
-292
345 (base 11) to base 3
120021
Convert 3 (base 5) to base 7.
3
Convert -22 (base 12) to base 11.
-24
What is -101 (base 7) in base 11?
-46
What is -22 (base 4) in base 2?
-1010
What is 1101 (base 4) in base 7?
144
What is -10101 (base 2) in base 13?
-18
Convert -63 (base 11) to base 6.
-153
Convert 2101 (base 5) to base 13.
183
What is 54 (base 16) in base 9?
103
Convert 240 (base 6) to base 14.
6c
What is 4c (base 13) in base 16?
40
-13 (base 13) to base 10
-16
12 (base 13) to base 14
11
What is -2 (base 11) in base 7?
-2
Convert 11 (base 5) to base 2.
110
1020 (base 4) to base 11
66
Convert 2 (base 11) to base 10.
2
Convert 5 (base 11) to base 12.
5
-1b (base 12) to base 7
-32
Convert 27 (base 14) to base 3.
1022
Convert 3 (base 11) to base 10.
3
What is -9 (base 14) in base 7?
-12
1b (base 14) to base 2
11001
What is 1 (base 3) in base 14?
1
Convert -21 (base 3) to base 13.
-7
33 (base 14) to base 10
45
1100 (base 2) to base 6
20
101110 (base 2) to base 7
64
202 (base 11) to base 6
1044
What is -3 (base 12) in base 13?
-3
What is -4 (base 8) in base 12?
-4
What is 15 (base 16) in base 15?
16
What is -63 (base 11) in base 4?
-1011
What is 0 (base 11) in base 3?
0
-55 (base 8) to base 13
-36
What is -118 (base 15) in base 12?
-188
What is 0 (base 12) in base 3?
0
111 (base 3) to base 11
12
Convert 3 (base 8) to base 13.
3
2 (base 13) to base 15
2
-12 (base 3) to base 7
-5
1 (base 9) to base 8
1
5 (base 6) to base 12
5
What is -3 (base 11) in base 15?
-3
Convert 24 (base 5) to base 16.
e
What is 11 (base 7) in base 12?
8
1430 (base 5) to base 12
180
Convert -2 (base 7) to base 6.
-2
Convert -200 (base 11) to base 2.
-11110010
Convert 110111 (base 2) to base 13.
43
Convert 1 (base 12) to base 10.
1
-54 (base 7) to base 2
-100111
Convert -3 (base 4) to base 6.
-3
5 (base 12) to base 3
12
1242 (base 5) to base 2
11000101
What is -13 (base 4) in base 10?
-7
1101 (base 5) to base 6
411
34 (base 10) to base 8
42
What is 3 (base 4) in base 7?
3
Convert -13 (base 15) to base 8.
-22
Convert 6 (base 12) to base 8.
6
10 (base 5) to base 11
5
80 (base 9) to base 16
48
53 (base 9) to base 12
40
What is -13 (base 15) in base 12?
-16
What is -10001 (base 2) in base 9?
-18
What is -7 (base 10) in base 4?
-13
Convert -345 (base 8) to base 13.
-148
What is -35 (base 16) in base 2?
-110101
146 (base 10) to base 11
123
Convert -11 (base 15) to base 5.
-31
Convert 2 (base 4) to base 7.
2
Convert -3 (base 7) to base 10.
-3
What is 1 (base 7) in base 15?
1
What is -12 (base 7) in base 16?
-9
Convert -21 (base 9) to base 5.
-34
-231 (base 8) to base 11
-12a
Convert 27 (base 15) to base 8.
45
Convert -10 (base 7) to base 3.
-21
What is -104 (base 6) in base 5?
-130
What is 5 (base 14) in base 7?
5
-46 (base 10) to base 4
-232
Convert 10 (base 2) to base 12.
2
What is 13 (base 6) in base 12?
9
Convert 0 (base 9) to base 11.
0
What is 20 (base 16) in base 3?
1012
What is 360 (base 8) in base 6?
1040
Convert -45 (base 11) to base 13.
-3a
1 (base 16) to base 4
1
What is 1 (base 16) in base 9?
1
What is 0 (base 9) in base 2?
0
What is -10 (base 5) in base 16?
-5
-10 (base 14) to base 6
-22
Convert b (base 16) to base 2.
1011
What is -14 (base 14) in base 3?
-200
What is -144 (base 8) in base 3?
-10201
-d (base 16) to base 12
-11
Convert 10 (base 3) to base 10.
3
What is -2 (base 6) in base 5?
-2
-51 (base 12) to base 15
-41
-6 (base 11) to base 12
-6
-3020 (base 4) to base 7
-404
122 (base 9) to base 12
85
What is 13 (base 10) in base 15?
d
-58 (base 13) to base 5
-243
-14 (base 7) to base 11
-10
What is 216 (base 10) in base 16?
d8
-4 (base 6) to base 8
-4
-10 (base 3) to base 2
-11
Convert 100 (base 2) to base 10.
4
What is 2 (base 9) in base 16?
2
Convert -22 (base 7) to base 4.
-100
Convert 29 (base 14) to base 8.
45
Convert -140 (base 5) to base 3.
-1200
Convert 50 (base 7) to base 11.
32
What is -3 (base 8) in base 16?
-3
5 (base 6) to base 13
5
What is 25 (base 9) in base 6?
35
What is 119 (base 16) in base 15?
13b
1020 (base 3) to base 13
27
What is 6 (base 13) in base 2?
110
What is -e (base 15) in base 14?
-10
Convert 2 (base 7) to base 6.
2
-307 (base 8) to base 11
-171
-64 (base 12) to base 6
-204
What is -647 (base 8) in base 13?
-267
-2b (base 14) to base 7
-54
-10 (base 6) to base 15
-6
What is 1 (base 4) in base 16?
1
Convert 16 (base 12) to base 6.
30
Convert -4a (base 14) to base 15.
-46
Convert -10 (base 3) to base 16.
-3
What is 2 (base 3) in base 2?
10
1 (base 13) to base 3
1
What is -30 (base 7) in base 8?
-25
What is 1a (base 16) in base 2?
11010
-111 (base 2) to base 4
-13
Convert 64 (base 11) to base 13.
55
What is -1 (base 4) in base 16?
-1
What is -25 (base 10) in base 6?
-41
What is 1b (base 16) in base 4?
123
-5 (base 9) to base 8
-5
What is 110 (base 2) in base 8?
6
Convert -10 (base 4) to base 16.
-4
-29 (base 16) to base 12
-35
What is 2 (base 7) in base 8?
2
What is 1 (base 6) in base 14?
1
-b (base 14) to base 16
-b
Convert -2 (base 15) to base 3.
-2
What is -7 (base 10) in base 6?
-11
What is 43 (base 11) in base 7?
65
Convert 40 (base 13) to base 9.
57
-2010 (base 3) to base 5
-212
What is -e (base 15) in base 12?
-12
4 (base 9) to base 14
4
Convert 4 (base 14) to base 11.
4
-11 (base 7) to base 6
-12
Convert 220 (base 3) to base 5.
44
-101 (base 2) to base 15
-5
What is c (base 13) in base 5?
22
Convert -58 (base 9) to base 6.
-125
Convert 11 (base 16) to base 4.
101
Convert c (base 16) to base 8.
14
0 (base 12) to base 8
0
Convert -245 (base 8) to base 13.
-c9
What is -28 (base 10) in base 3?
-1001
-1003 (base 4) to base 5
-232
Convert -122 (base 3) to base 14.
-13
What is 4 (base 9) in base 16?
4
What is -111 (base 8) in base 14?
-53
Convert -11 (base 3) to base 6.
-4
Convert 0 (base 15) to base 13.
0
Convert -1 (base 13) to base 12.
-1
What is -1 (base 14) in base 7?
-1
What is -16 (base 7) in base 8?
-15
-2 (base 13) to base 7
-2
-4 (base 13) to base 14
-4
-3 (base 8) to base 5
-3
d (base 16) to base 3
111
-47 (base 8) to base 6
-103
What is -132 (base 4) in base 14?
-22
11121 (base 3) to base 10
124
What is 144 (base 8) in base 10?
100
What is 0 (base 15) in base 5?
0
Convert 2020 (base 3) to base 14.
44
Convert -353 (base 6) to base 9.
-166
What is f (base 16) in base 10?
15
What is -147 (base 13) in base 5?
-1403
-5 (base 16) to base 14
-5
What is -440 (base 6) in base 13?
-cc
What is -4 (base 5) in base 9?
-4
Convert 2 (base 14) to base 2.
10
Convert -522 (base 6) to base 4.
-3002
Convert -25 (base 7) to base 4.
-103
What is -9 (base 1